{"id":18432,"date":"2019-07-03T18:44:49","date_gmt":"2019-07-03T16:44:49","guid":{"rendered":"https:\/\/lapomera.com\/?page_id=18432"},"modified":"2019-07-03T18:48:22","modified_gmt":"2019-07-03T16:48:22","slug":"jardin","status":"publish","type":"page","link":"https:\/\/lapomera.com\/fr\/la-maison\/jardin\/","title":{"rendered":"Jardin"},"content":{"rendered":"<div class=\"wpb-content-wrapper\"><p>[vc_row css_animation=\u00a0\u00bb\u00a0\u00bb row_type=\u00a0\u00bbrow\u00a0\u00bb use_row_as_full_screen_section=\u00a0\u00bbno\u00a0\u00bb type=\u00a0\u00bbgrid\u00a0\u00bb angled_section=\u00a0\u00bbno\u00a0\u00bb text_align=\u00a0\u00bbleft\u00a0\u00bb background_image_as_pattern=\u00a0\u00bbwithout_pattern\u00a0\u00bb padding_top=\u00a0\u00bb50&Prime; padding_bottom=\u00a0\u00bb50&Prime; z_index=\u00a0\u00bb\u00a0\u00bb][vc_column width=\u00a0\u00bb2\/3&Prime;][vc_column_text]<\/p>\n<h2>LE\u00a0JARDIN<\/h2>\n<p>[\/vc_column_text][vc_separator type=\u00a0\u00bbtransparent\u00a0\u00bb up=\u00a0\u00bb10&Prime; down=\u00a0\u00bb10&Prime;][vc_column_text]<\/p>\n<h4><span style=\"color: #873634;\">Notre espace verd particulier<\/span><\/h4>\n<p>[\/vc_column_text][vc_separator type=\u00a0\u00bbtransparent\u00a0\u00bb up=\u00a0\u00bb10&Prime; down=\u00a0\u00bb10&Prime;][vc_column_text]Le jardin de La Pomera est un lieu totalement int\u00e9gr\u00e9 \u00e0 la nature et \u00e0 l\u2019entourage privil\u00e9gi\u00e9 qui nous contourne. Un endroit pour se d\u00e9tendre laisser courir le temps, lire, simplement un lieu pour y \u00eatre.[\/vc_column_text][vc_gallery interval=\u00a0\u00bb3&Prime; images=\u00a0\u00bb17830,17834,17826,18293,18305,18309,18313&Prime;][\/vc_column][vc_column width=\u00a0\u00bb1\/3&Prime;][\/vc_column][\/vc_row]<\/p>\n<\/div>","protected":false},"excerpt":{"rendered":"<p>[vc_row css_animation=\u00a0\u00bb\u00a0\u00bb row_type=\u00a0\u00bbrow\u00a0\u00bb use_row_as_full_screen_section=\u00a0\u00bbno\u00a0\u00bb type=\u00a0\u00bbgrid\u00a0\u00bb angled_section=\u00a0\u00bbno\u00a0\u00bb text_align=\u00a0\u00bbleft\u00a0\u00bb background_image_as_pattern=\u00a0\u00bbwithout_pattern\u00a0\u00bb padding_top=\u00a0\u00bb50&Prime; padding_bottom=\u00a0\u00bb50&Prime; z_index=\u00a0\u00bb\u00a0\u00bb][vc_column width=\u00a0\u00bb2\/3&Prime;][vc_column_text] LE\u00a0JARDIN [\/vc_column_text][vc_separator type=\u00a0\u00bbtransparent\u00a0\u00bb up=\u00a0\u00bb10&Prime; down=\u00a0\u00bb10&Prime;][vc_column_text] Notre espace verd particulier [\/vc_column_text][vc_separator type=\u00a0\u00bbtransparent\u00a0\u00bb up=\u00a0\u00bb10&Prime; down=\u00a0\u00bb10&Prime;][vc_column_text]Le jardin de La Pomera est un lieu totalement int\u00e9gr\u00e9 \u00e0 la nature et \u00e0 l\u2019entourage privil\u00e9gi\u00e9 qui nous contourne. Un&#8230;<\/p>\n","protected":false},"author":2,"featured_media":0,"parent":18409,"menu_order":0,"comment_status":"open","ping_status":"open","template":"full_width.php","meta":{"footnotes":""},"class_list":["post-18432","page","type-page","status-publish","hentry"],"_links":{"self":[{"href":"https:\/\/lapomera.com\/fr\/wp-json\/wp\/v2\/pages\/18432"}],"collection":[{"href":"https:\/\/lapomera.com\/fr\/wp-json\/wp\/v2\/pages"}],"about":[{"href":"https:\/\/lapomera.com\/fr\/wp-json\/wp\/v2\/types\/page"}],"author":[{"embeddable":true,"href":"https:\/\/lapomera.com\/fr\/wp-json\/wp\/v2\/users\/2"}],"replies":[{"embeddable":true,"href":"https:\/\/lapomera.com\/fr\/wp-json\/wp\/v2\/comments?post=18432"}],"version-history":[{"count":3,"href":"https:\/\/lapomera.com\/fr\/wp-json\/wp\/v2\/pages\/18432\/revisions"}],"predecessor-version":[{"id":18435,"href":"https:\/\/lapomera.com\/fr\/wp-json\/wp\/v2\/pages\/18432\/revisions\/18435"}],"up":[{"embeddable":true,"href":"https:\/\/lapomera.com\/fr\/wp-json\/wp\/v2\/pages\/18409"}],"wp:attachment":[{"href":"https:\/\/lapomera.com\/fr\/wp-json\/wp\/v2\/media?parent=18432"}],"curies":[{"name":"wp","href":"https:\/\/api.w.org\/{rel}","templated":true}]}}

<div class="wpb-content-wrapper"><p>[vc_row css_animation= » » row_type= »row » use_row_as_full_screen_section= »no » type= »grid » angled_section= »no » text_align= »left » background_image_as_pattern= »without_pattern » padding_top= »50&Prime; padding_bottom= »50&Prime; z_index= » »][vc_column width= »2/3&Prime;][vc_column_text]</p>
<h2>LE JARDIN</h2>
<p>[/vc_column_text][vc_separator type= »transparent » up= »10&Prime; down= »10&Prime;][vc_column_text]</p>
<h4><span style="color: #873634;">Notre espace verd particulier</span></h4>
<p>[/vc_column_text][vc_separator type= »transparent » up= »10&Prime; down= »10&Prime;][vc_column_text]Le jardin de La Pomera est un lieu totalement intégré à la nature et à l’entourage privilégié qui nous contourne. Un endroit pour se détendre laisser courir le temps, lire, simplement un lieu pour y être.[/vc_column_text][vc_gallery interval= »3&Prime; images= »17830,17834,17826,18293,18305,18309,18313&Prime;][/vc_column][vc_column width= »1/3&Prime;][/vc_column][/vc_row]</p>
</div>

<p>[vc_row css_animation= » » row_type= »row » use_row_as_full_screen_section= »no » type= »grid » angled_section= »no » text_align= »left » background_image_as_pattern= »without_pattern » padding_top= »50&Prime; padding_bottom= »50&Prime; z_index= » »][vc_column width= »2/3&Prime;][vc_column_text] LE JARDIN [/vc_column_text][vc_separator type= »transparent » up= »10&Prime; down= »10&Prime;][vc_column_text] Notre espace verd particulier [/vc_column_text][vc_separator type= »transparent » up= »10&Prime; down= »10&Prime;][vc_column_text]Le jardin de La Pomera est un lieu totalement intégré à la nature et à l’entourage privilégié qui nous contourne. Un&#8230;</p>
