{"id":17467,"date":"2018-09-07T09:57:20","date_gmt":"2018-09-07T07:57:20","guid":{"rendered":"http:\/\/lapomera.com\/la-casa\/apartaments\/"},"modified":"2018-10-25T15:06:34","modified_gmt":"2018-10-25T13:06:34","slug":"apartments","status":"publish","type":"page","link":"https:\/\/lapomera.com\/en\/the-house\/apartments\/","title":{"rendered":"Apartments"},"content":{"rendered":"<div class=\"wpb-content-wrapper\"><p>[vc_row css_animation=&#8221;&#8221; row_type=&#8221;row&#8221; use_row_as_full_screen_section=&#8221;no&#8221; type=&#8221;grid&#8221; angled_section=&#8221;no&#8221; text_align=&#8221;left&#8221; background_image_as_pattern=&#8221;without_pattern&#8221; padding_top=&#8221;50&#8243; padding_bottom=&#8221;20&#8243; z_index=&#8221;&#8221;][vc_column width=&#8221;2\/3&#8243;][vc_column_text]<\/p>\n<h2>Apartament Gala<\/h2>\n<p>[\/vc_column_text][vc_separator type=&#8221;transparent&#8221; up=&#8221;10&#8243; down=&#8221;10&#8243;][vc_column_text]<\/p>\n<h4><span style=\"color: #873634;\">Un espai llumin\u00f3s i amb vistes<\/span><\/h4>\n<p>[\/vc_column_text][vc_separator type=&#8221;transparent&#8221; up=&#8221;10&#8243; down=&#8221;10&#8243;][vc_column_text]Les pomes de la varietat Gala s\u00f3n de boniques proporcions, d&#8217;una tonalitat verda que es tradueix en un delicat toc vermell. Es va aconseguir aquesta varietat fent un encreuament entre la Golden <span class=\"hiddenSpellError\">Delicious<\/span> i la <span class=\"hiddenSpellError\">Kidd<\/span>&#8216;s Orange <span class=\"hiddenGrammarError\">Red<\/span> neozelandesa. I fixant-nos en <span class=\"hiddenGrammarError\">la delicadesa<\/span> i l&#8217;eleg\u00e0ncia d&#8217;aquesta poma hem dissenyat aquest apartament.<\/p>\n<p>Situats en planta segona, l&#8217;apartament Gala \u00e9s acollidor, \u00e9s c\u00e0lid i a l&#8217;hivern el sol el banya tota la tarda donant-li una escalfor natural i una lluminositat molt agradable.<br \/>\nCompta amb dues habitacions dobles, un bany complet i una cuina equipada. La llar de foc de <em><span class=\"hiddenSpellError\">pellets<\/span><\/em> \u00e9s un bon aliat les tardes d&#8217;hivern juntament amb la cafetera. Les vistes cap a les finques del costat des de la terrassa i l&#8217;olor d&#8217;herba fresca acabada de tallar s\u00f3n detalls que a la primavera i estiu podrem captar nom\u00e9s obrint les finestres.[\/vc_column_text][vc_separator type=&#8221;transparent&#8221; up=&#8221;5&#8243; down=&#8221;5&#8243;][vc_column_text]<\/p>\n<ul>\n<li>Capacitat per a 4 persones<\/li>\n<li>Vistes a l&#8217;exterior.<\/li>\n<li>Llar de foc de <span class=\"hiddenSpellError\">pellets.<\/span><\/li>\n<li>Cuina equipada<\/li>\n<li>Zona compartida en planta baixa amb llar de foc de llenya, projector i pantalla de 120&#8242; amb Home Cinema.<\/li>\n<li>Bany equipat<\/li>\n<li>Free Wifi<\/li>\n<\/ul>\n<p>Podem dimensionar les dues habitacions com millor els convingui, podrem fer que siguin una doble i una amb dos llits individuals o b\u00e9 dues dobles. No s&#8217;ho pensi m\u00e9s, reservi ara mateix i vingui a Vilaller a gaudir d&#8217;uns dies de descans i de contacte amb la natura!![\/vc_column_text][vc_separator type=&#8221;transparent&#8221; up=&#8221;10&#8243; down=&#8221;10&#8243;]<a  itemprop=\"url\" href=\"https:\/\/www.reservaonline.support\/lapomera\/reservas.html\" target=\"_self\"  class=\"qbutton  large default\" style=\"\">RESERVAR<\/a>[\/vc_column][vc_column width=&#8221;1\/3&#8243;][vc_gallery interval=&#8221;3&#8243; images=&#8221;17070,17066,17074&#8243;][\/vc_column][\/vc_row][vc_row css_animation=&#8221;&#8221; row_type=&#8221;row&#8221; use_row_as_full_screen_section=&#8221;no&#8221; type=&#8221;grid&#8221; angled_section=&#8221;no&#8221; text_align=&#8221;left&#8221; background_image_as_pattern=&#8221;without_pattern&#8221; z_index=&#8221;&#8221;][vc_column][vc_separator type=&#8221;normal&#8221; color=&#8221;#c4c4c4&#8243; up=&#8221;20&#8243; down=&#8221;20&#8243;][\/vc_column][\/vc_row][vc_row css_animation=&#8221;&#8221; row_type=&#8221;row&#8221; use_row_as_full_screen_section=&#8221;no&#8221; type=&#8221;grid&#8221; angled_section=&#8221;no&#8221; text_align=&#8221;left&#8221; background_image_as_pattern=&#8221;without_pattern&#8221; padding_top=&#8221;50&#8243; padding_bottom=&#8221;20&#8243; z_index=&#8221;&#8221;][vc_column width=&#8221;2\/3&#8243;][vc_column_text]<\/p>\n<h2>Apartament Gaia<\/h2>\n<p>[\/vc_column_text][vc_separator type=&#8221;transparent&#8221; up=&#8221;10&#8243; down=&#8221;10&#8243;][vc_column_text]<\/p>\n<h4><span style=\"color: #873634;\">Un espai c\u00e0lid i confortable\u00a0<\/span><\/h4>\n<p>[\/vc_column_text][vc_separator type=&#8221;transparent&#8221; up=&#8221;10&#8243; down=&#8221;10&#8243;][vc_column_text]La varietat Gaia \u00e9s una de les m\u00e9s antigues. S\u00f3n unes pomes verdes que <span class=\"hiddenGrammarError\">van transformat<\/span> a un groc quan maduren. Tenen un punt \u00e0cid i l&#8217;arbre s&#8217;omple tant que alguns anys ens ha trencat branques de tant pes acumulat. La Gaia <span class=\"hiddenGrammarError\">\u00e9s una poma tardana acostumem<\/span> a recollir les pomes el mes de Novembre coincidint els volts de Tots Sants.\u00a0Volem pensar que \u00e9s una varietat aut\u00f2ctona de la Ribagor\u00e7a.<\/p>\n<p>No ens movem de planta segona, l&#8217;apartament <span class=\"hiddenSpellError\">Gaia<\/span> \u00e9s espai\u00f3s<span class=\"hiddenGrammarError\">, molt<\/span> confortable i compta amb totes <span class=\"hiddenGrammarError\">le<\/span> comoditats. El <span class=\"hiddenSpellError\">balc\u00f3 mira<\/span> cap al <a href=\"https:\/\/ca.wikipedia.org\/wiki\/Pont_vell_de_Vilaller\">Pont de Vilaller<\/a>, una construcci\u00f3 datada del segle XVII que tenim just davant de la casa, a tir de pedra.<!--more--><\/p>\n<p>Compta tamb\u00e9 amb dues habitacions dobles, un bany complet i una cuina equipada. La llar de foc de <span class=\"hiddenSpellError\">pellets<\/span> li d\u00f3na una calidesa natural molt agradable. Les vistes cap al poble i cap a les finques de cultiu que envolten la casa faran que l&#8217;estada sigui agradable i pl\u00e0cida.[\/vc_column_text][vc_separator type=&#8221;transparent&#8221; up=&#8221;5&#8243; down=&#8221;5&#8243;][vc_column_text]<\/p>\n<ul>\n<li>Capacitat per a 4 persones<\/li>\n<li>Vistes a l&#8217;exterior.<\/li>\n<li>Llar de foc de <span class=\"hiddenSpellError\">pellets.<\/span><\/li>\n<li>Cuina equipada<\/li>\n<li>Zona compartida en planta baixa amb llar de foc de llenya, projector i pantalla de 120&#8242; amb Home Cinema.<\/li>\n<li>Bany equipat<\/li>\n<li>Free Wifi<\/li>\n<\/ul>\n<p>Podem dimensionar les dues habitacions com millor els convingui, podrem fer que siguin una doble i una amb dos llits individuals o b\u00e9 dues dobles. No s&#8217;ho pensi m\u00e9s, reservi ara mateix i vingui a Vilaller a gaudir d&#8217;uns dies de descans i de contacte amb la natura!![\/vc_column_text][vc_separator type=&#8221;transparent&#8221; up=&#8221;10&#8243; down=&#8221;10&#8243;]<a  itemprop=\"url\" href=\"https:\/\/www.reservaonline.support\/lapomera\/reservas.html\" target=\"_self\"  class=\"qbutton  large default\" style=\"\">RESERVAR<\/a>[\/vc_column][vc_column width=&#8221;1\/3&#8243;][vc_gallery interval=&#8221;3&#8243; images=&#8221;17099,17095,17091,17087,17083&#8243;][\/vc_column][\/vc_row][vc_row css_animation=&#8221;&#8221; row_type=&#8221;row&#8221; use_row_as_full_screen_section=&#8221;no&#8221; type=&#8221;grid&#8221; angled_section=&#8221;no&#8221; text_align=&#8221;left&#8221; background_image_as_pattern=&#8221;without_pattern&#8221; z_index=&#8221;&#8221;][vc_column][vc_separator type=&#8221;normal&#8221; color=&#8221;#c4c4c4&#8243; up=&#8221;20&#8243; down=&#8221;20&#8243;][\/vc_column][\/vc_row][vc_row css_animation=&#8221;&#8221; row_type=&#8221;row&#8221; use_row_as_full_screen_section=&#8221;no&#8221; type=&#8221;grid&#8221; angled_section=&#8221;no&#8221; text_align=&#8221;left&#8221; background_image_as_pattern=&#8221;without_pattern&#8221; padding_top=&#8221;50&#8243; padding_bottom=&#8221;20&#8243; z_index=&#8221;&#8221;][vc_column width=&#8221;2\/3&#8243;][vc_column_text]<\/p>\n<h2>Apartament Reineta<\/h2>\n<p>[\/vc_column_text][vc_separator type=&#8221;transparent&#8221; up=&#8221;10&#8243; down=&#8221;10&#8243;][vc_column_text]<\/p>\n<h4><span style=\"color: #873634;\">El nostre apartament amb jard\u00ed propi<\/span><\/h4>\n<p>[\/vc_column_text][vc_separator type=&#8221;transparent&#8221; up=&#8221;10&#8243; down=&#8221;10&#8243;][vc_column_text]La poma Reineta, en una de les interpretacions etimol\u00f2giques que podria ser v\u00e0lida, \u00e9s la reina de les pomes. Tamb\u00e9 seria v\u00e0lida la teoria que el nom Reineta ve de <em><span class=\"hiddenSpellError\">ranetta<\/span><\/em>, diminutiu de granota (<em><span class=\"hiddenSpellError\">rana<\/span><\/em> en llat\u00ed). Sigui com sigui hem treballat perqu\u00e8 aquest apartament, sigui una reina o una granota, tingui tots els detalls que faran agradable la seva estada.<br \/>\n<span class=\"hiddenSpellError\">Compta amb<\/span> dues habitacions dobles, un bany complet i una cuina equipada. La llar de foc de <span class=\"hiddenSpellError\">pellets<\/span> li d\u00f3na una calidesa natural molt agradable. Entrarem a l&#8217;apartament pel jard\u00ed de davant de casa on els seus fills podran jugar amb total tranquil\u00b7litat i seguretat.<\/p>\n<ul>\n<li>Capacitat per a 4 persones<\/li>\n<li>Vistes a l&#8217;exterior.<\/li>\n<li>Llar de foc de <span class=\"hiddenSpellError\">pellets.<\/span><\/li>\n<li>Cuina equipada<\/li>\n<li>Zona compartida en planta baixa amb llar de foc de llenya, projector i pantalla de 120&#8242; amb Home Cinema.<\/li>\n<li>Bany equipat<\/li>\n<li>Free Wifi<\/li>\n<\/ul>\n<p>Podem dimensionar les dues habitacions com millor els convingui, podrem fer que siguin una doble i una amb dos llits individuals o b\u00e9 dues dobles. No s&#8217;ho pensi m\u00e9s, reservi ara mateix i vingui a Vilaller a gaudir d&#8217;uns dies de descans i de contacte amb la natura!![\/vc_column_text][vc_separator type=&#8221;transparent&#8221; up=&#8221;10&#8243; down=&#8221;10&#8243;]<a  itemprop=\"url\" href=\"https:\/\/www.reservaonline.support\/lapomera\/reservas.html\" target=\"_self\"  class=\"qbutton  large default\" style=\"\">RESERVAR<\/a>[\/vc_column][vc_column width=&#8221;1\/3&#8243;][vc_gallery interval=&#8221;3&#8243; images=&#8221;17124,17120,17108,17099,17095&#8243;][\/vc_column][\/vc_row]<\/p>\n<\/div>","protected":false},"excerpt":{"rendered":"<p>[vc_row css_animation=&#8221;&#8221; row_type=&#8221;row&#8221; use_row_as_full_screen_section=&#8221;no&#8221; type=&#8221;grid&#8221; angled_section=&#8221;no&#8221; text_align=&#8221;left&#8221; background_image_as_pattern=&#8221;without_pattern&#8221; padding_top=&#8221;50&#8243; padding_bottom=&#8221;20&#8243; z_index=&#8221;&#8221;][vc_column width=&#8221;2\/3&#8243;][vc_column_text] Apartament Gala [\/vc_column_text][vc_separator type=&#8221;transparent&#8221; up=&#8221;10&#8243; down=&#8221;10&#8243;][vc_column_text] Un espai llumin\u00f3s i amb vistes [\/vc_column_text][vc_separator type=&#8221;transparent&#8221; up=&#8221;10&#8243; down=&#8221;10&#8243;][vc_column_text]Les pomes de la varietat Gala s\u00f3n de boniques proporcions, d&#8217;una tonalitat verda que es tradueix en un&#8230;<\/p>\n","protected":false},"author":1,"featured_media":0,"parent":17465,"menu_order":0,"comment_status":"open","ping_status":"open","template":"full_width.php","meta":{"footnotes":""},"class_list":["post-17467","page","type-page","status-publish","hentry"],"_links":{"self":[{"href":"https:\/\/lapomera.com\/en\/wp-json\/wp\/v2\/pages\/17467"}],"collection":[{"href":"https:\/\/lapomera.com\/en\/wp-json\/wp\/v2\/pages"}],"about":[{"href":"https:\/\/lapomera.com\/en\/wp-json\/wp\/v2\/types\/page"}],"author":[{"embeddable":true,"href":"https:\/\/lapomera.com\/en\/wp-json\/wp\/v2\/users\/1"}],"replies":[{"embeddable":true,"href":"https:\/\/lapomera.com\/en\/wp-json\/wp\/v2\/comments?post=17467"}],"version-history":[{"count":3,"href":"https:\/\/lapomera.com\/en\/wp-json\/wp\/v2\/pages\/17467\/revisions"}],"predecessor-version":[{"id":18176,"href":"https:\/\/lapomera.com\/en\/wp-json\/wp\/v2\/pages\/17467\/revisions\/18176"}],"up":[{"embeddable":true,"href":"https:\/\/lapomera.com\/en\/wp-json\/wp\/v2\/pages\/17465"}],"wp:attachment":[{"href":"https:\/\/lapomera.com\/en\/wp-json\/wp\/v2\/media?parent=17467"}],"curies":[{"name":"wp","href":"https:\/\/api.w.org\/{rel}","templated":true}]}}

<div class="wpb-content-wrapper"><p>[vc_row css_animation=&#8221;&#8221; row_type=&#8221;row&#8221; use_row_as_full_screen_section=&#8221;no&#8221; type=&#8221;grid&#8221; angled_section=&#8221;no&#8221; text_align=&#8221;left&#8221; background_image_as_pattern=&#8221;without_pattern&#8221; padding_top=&#8221;50&#8243; padding_bottom=&#8221;20&#8243; z_index=&#8221;&#8221;][vc_column width=&#8221;2/3&#8243;][vc_column_text]</p>
<h2>Apartament Gala</h2>
<p>[/vc_column_text][vc_separator type=&#8221;transparent&#8221; up=&#8221;10&#8243; down=&#8221;10&#8243;][vc_column_text]</p>
<h4><span style="color: #873634;">Un espai lluminós i amb vistes</span></h4>
<p>[/vc_column_text][vc_separator type=&#8221;transparent&#8221; up=&#8221;10&#8243; down=&#8221;10&#8243;][vc_column_text]Les pomes de la varietat Gala són de boniques proporcions, d&#8217;una tonalitat verda que es tradueix en un delicat toc vermell. Es va aconseguir aquesta varietat fent un encreuament entre la Golden <span class="hiddenSpellError">Delicious</span> i la <span class="hiddenSpellError">Kidd</span>&#8216;s Orange <span class="hiddenGrammarError">Red</span> neozelandesa. I fixant-nos en <span class="hiddenGrammarError">la delicadesa</span> i l&#8217;elegància d&#8217;aquesta poma hem dissenyat aquest apartament.</p>
<p>Situats en planta segona, l&#8217;apartament Gala és acollidor, és càlid i a l&#8217;hivern el sol el banya tota la tarda donant-li una escalfor natural i una lluminositat molt agradable.<br />
Compta amb dues habitacions dobles, un bany complet i una cuina equipada. La llar de foc de <em><span class="hiddenSpellError">pellets</span></em> és un bon aliat les tardes d&#8217;hivern juntament amb la cafetera. Les vistes cap a les finques del costat des de la terrassa i l&#8217;olor d&#8217;herba fresca acabada de tallar són detalls que a la primavera i estiu podrem captar només obrint les finestres.[/vc_column_text][vc_separator type=&#8221;transparent&#8221; up=&#8221;5&#8243; down=&#8221;5&#8243;][vc_column_text]</p>
<ul>
<li>Capacitat per a 4 persones</li>
<li>Vistes a l&#8217;exterior.</li>
<li>Llar de foc de <span class="hiddenSpellError">pellets.</span></li>
<li>Cuina equipada</li>
<li>Zona compartida en planta baixa amb llar de foc de llenya, projector i pantalla de 120&#8242; amb Home Cinema.</li>
<li>Bany equipat</li>
<li>Free Wifi</li>
</ul>
<p>Podem dimensionar les dues habitacions com millor els convingui, podrem fer que siguin una doble i una amb dos llits individuals o bé dues dobles. No s&#8217;ho pensi més, reservi ara mateix i vingui a Vilaller a gaudir d&#8217;uns dies de descans i de contacte amb la natura!![/vc_column_text][vc_separator type=&#8221;transparent&#8221; up=&#8221;10&#8243; down=&#8221;10&#8243;]<a  itemprop="url" href="https://www.reservaonline.support/lapomera/reservas.html" target="_self"  class="qbutton  large default" style="">RESERVAR</a>[/vc_column][vc_column width=&#8221;1/3&#8243;][vc_gallery interval=&#8221;3&#8243; images=&#8221;17070,17066,17074&#8243;][/vc_column][/vc_row][vc_row css_animation=&#8221;&#8221; row_type=&#8221;row&#8221; use_row_as_full_screen_section=&#8221;no&#8221; type=&#8221;grid&#8221; angled_section=&#8221;no&#8221; text_align=&#8221;left&#8221; background_image_as_pattern=&#8221;without_pattern&#8221; z_index=&#8221;&#8221;][vc_column][vc_separator type=&#8221;normal&#8221; color=&#8221;#c4c4c4&#8243; up=&#8221;20&#8243; down=&#8221;20&#8243;][/vc_column][/vc_row][vc_row css_animation=&#8221;&#8221; row_type=&#8221;row&#8221; use_row_as_full_screen_section=&#8221;no&#8221; type=&#8221;grid&#8221; angled_section=&#8221;no&#8221; text_align=&#8221;left&#8221; background_image_as_pattern=&#8221;without_pattern&#8221; padding_top=&#8221;50&#8243; padding_bottom=&#8221;20&#8243; z_index=&#8221;&#8221;][vc_column width=&#8221;2/3&#8243;][vc_column_text]</p>
<h2>Apartament Gaia</h2>
<p>[/vc_column_text][vc_separator type=&#8221;transparent&#8221; up=&#8221;10&#8243; down=&#8221;10&#8243;][vc_column_text]</p>
<h4><span style="color: #873634;">Un espai càlid i confortable </span></h4>
<p>[/vc_column_text][vc_separator type=&#8221;transparent&#8221; up=&#8221;10&#8243; down=&#8221;10&#8243;][vc_column_text]La varietat Gaia és una de les més antigues. Són unes pomes verdes que <span class="hiddenGrammarError">van transformat</span> a un groc quan maduren. Tenen un punt àcid i l&#8217;arbre s&#8217;omple tant que alguns anys ens ha trencat branques de tant pes acumulat. La Gaia <span class="hiddenGrammarError">és una poma tardana acostumem</span> a recollir les pomes el mes de Novembre coincidint els volts de Tots Sants. Volem pensar que és una varietat autòctona de la Ribagorça.</p>
<p>No ens movem de planta segona, l&#8217;apartament <span class="hiddenSpellError">Gaia</span> és espaiós<span class="hiddenGrammarError">, molt</span> confortable i compta amb totes <span class="hiddenGrammarError">le</span> comoditats. El <span class="hiddenSpellError">balcó mira</span> cap al <a href="https://ca.wikipedia.org/wiki/Pont_vell_de_Vilaller">Pont de Vilaller</a>, una construcció datada del segle XVII que tenim just davant de la casa, a tir de pedra.<!--more--></p>
<p>Compta també amb dues habitacions dobles, un bany complet i una cuina equipada. La llar de foc de <span class="hiddenSpellError">pellets</span> li dóna una calidesa natural molt agradable. Les vistes cap al poble i cap a les finques de cultiu que envolten la casa faran que l&#8217;estada sigui agradable i plàcida.[/vc_column_text][vc_separator type=&#8221;transparent&#8221; up=&#8221;5&#8243; down=&#8221;5&#8243;][vc_column_text]</p>
<ul>
<li>Capacitat per a 4 persones</li>
<li>Vistes a l&#8217;exterior.</li>
<li>Llar de foc de <span class="hiddenSpellError">pellets.</span></li>
<li>Cuina equipada</li>
<li>Zona compartida en planta baixa amb llar de foc de llenya, projector i pantalla de 120&#8242; amb Home Cinema.</li>
<li>Bany equipat</li>
<li>Free Wifi</li>
</ul>
<p>Podem dimensionar les dues habitacions com millor els convingui, podrem fer que siguin una doble i una amb dos llits individuals o bé dues dobles. No s&#8217;ho pensi més, reservi ara mateix i vingui a Vilaller a gaudir d&#8217;uns dies de descans i de contacte amb la natura!![/vc_column_text][vc_separator type=&#8221;transparent&#8221; up=&#8221;10&#8243; down=&#8221;10&#8243;]<a  itemprop="url" href="https://www.reservaonline.support/lapomera/reservas.html" target="_self"  class="qbutton  large default" style="">RESERVAR</a>[/vc_column][vc_column width=&#8221;1/3&#8243;][vc_gallery interval=&#8221;3&#8243; images=&#8221;17099,17095,17091,17087,17083&#8243;][/vc_column][/vc_row][vc_row css_animation=&#8221;&#8221; row_type=&#8221;row&#8221; use_row_as_full_screen_section=&#8221;no&#8221; type=&#8221;grid&#8221; angled_section=&#8221;no&#8221; text_align=&#8221;left&#8221; background_image_as_pattern=&#8221;without_pattern&#8221; z_index=&#8221;&#8221;][vc_column][vc_separator type=&#8221;normal&#8221; color=&#8221;#c4c4c4&#8243; up=&#8221;20&#8243; down=&#8221;20&#8243;][/vc_column][/vc_row][vc_row css_animation=&#8221;&#8221; row_type=&#8221;row&#8221; use_row_as_full_screen_section=&#8221;no&#8221; type=&#8221;grid&#8221; angled_section=&#8221;no&#8221; text_align=&#8221;left&#8221; background_image_as_pattern=&#8221;without_pattern&#8221; padding_top=&#8221;50&#8243; padding_bottom=&#8221;20&#8243; z_index=&#8221;&#8221;][vc_column width=&#8221;2/3&#8243;][vc_column_text]</p>
<h2>Apartament Reineta</h2>
<p>[/vc_column_text][vc_separator type=&#8221;transparent&#8221; up=&#8221;10&#8243; down=&#8221;10&#8243;][vc_column_text]</p>
<h4><span style="color: #873634;">El nostre apartament amb jardí propi</span></h4>
<p>[/vc_column_text][vc_separator type=&#8221;transparent&#8221; up=&#8221;10&#8243; down=&#8221;10&#8243;][vc_column_text]La poma Reineta, en una de les interpretacions etimològiques que podria ser vàlida, és la reina de les pomes. També seria vàlida la teoria que el nom Reineta ve de <em><span class="hiddenSpellError">ranetta</span></em>, diminutiu de granota (<em><span class="hiddenSpellError">rana</span></em> en llatí). Sigui com sigui hem treballat perquè aquest apartament, sigui una reina o una granota, tingui tots els detalls que faran agradable la seva estada.<br />
<span class="hiddenSpellError">Compta amb</span> dues habitacions dobles, un bany complet i una cuina equipada. La llar de foc de <span class="hiddenSpellError">pellets</span> li dóna una calidesa natural molt agradable. Entrarem a l&#8217;apartament pel jardí de davant de casa on els seus fills podran jugar amb total tranquil·litat i seguretat.</p>
<ul>
<li>Capacitat per a 4 persones</li>
<li>Vistes a l&#8217;exterior.</li>
<li>Llar de foc de <span class="hiddenSpellError">pellets.</span></li>
<li>Cuina equipada</li>
<li>Zona compartida en planta baixa amb llar de foc de llenya, projector i pantalla de 120&#8242; amb Home Cinema.</li>
<li>Bany equipat</li>
<li>Free Wifi</li>
</ul>
<p>Podem dimensionar les dues habitacions com millor els convingui, podrem fer que siguin una doble i una amb dos llits individuals o bé dues dobles. No s&#8217;ho pensi més, reservi ara mateix i vingui a Vilaller a gaudir d&#8217;uns dies de descans i de contacte amb la natura!![/vc_column_text][vc_separator type=&#8221;transparent&#8221; up=&#8221;10&#8243; down=&#8221;10&#8243;]<a  itemprop="url" href="https://www.reservaonline.support/lapomera/reservas.html" target="_self"  class="qbutton  large default" style="">RESERVAR</a>[/vc_column][vc_column width=&#8221;1/3&#8243;][vc_gallery interval=&#8221;3&#8243; images=&#8221;17124,17120,17108,17099,17095&#8243;][/vc_column][/vc_row]</p>
</div>

<p>[vc_row css_animation=&#8221;&#8221; row_type=&#8221;row&#8221; use_row_as_full_screen_section=&#8221;no&#8221; type=&#8221;grid&#8221; angled_section=&#8221;no&#8221; text_align=&#8221;left&#8221; background_image_as_pattern=&#8221;without_pattern&#8221; padding_top=&#8221;50&#8243; padding_bottom=&#8221;20&#8243; z_index=&#8221;&#8221;][vc_column width=&#8221;2/3&#8243;][vc_column_text] Apartament Gala [/vc_column_text][vc_separator type=&#8221;transparent&#8221; up=&#8221;10&#8243; down=&#8221;10&#8243;][vc_column_text] Un espai lluminós i amb vistes [/vc_column_text][vc_separator type=&#8221;transparent&#8221; up=&#8221;10&#8243; down=&#8221;10&#8243;][vc_column_text]Les pomes de la varietat Gala són de boniques proporcions, d&#8217;una tonalitat verda que es tradueix en un&#8230;</p>
