{"id":17465,"date":"2018-06-05T11:32:22","date_gmt":"2018-06-05T09:32:22","guid":{"rendered":"http:\/\/lapomera.com\/la-casa\/"},"modified":"2018-10-25T15:05:08","modified_gmt":"2018-10-25T13:05:08","slug":"the-house","status":"publish","type":"page","link":"https:\/\/lapomera.com\/en\/the-house\/","title":{"rendered":"The house"},"content":{"rendered":"<div class=\"wpb-content-wrapper\"><p>[vc_row css_animation=&#8221;&#8221; row_type=&#8221;row&#8221; use_row_as_full_screen_section=&#8221;no&#8221; type=&#8221;grid&#8221; angled_section=&#8221;no&#8221; text_align=&#8221;left&#8221; background_image_as_pattern=&#8221;without_pattern&#8221; padding_top=&#8221;50&#8243; padding_bottom=&#8221;50&#8243; z_index=&#8221;&#8221;][vc_column width=&#8221;2\/3&#8243;][vc_column_text]<\/p>\n<h2>LA CASA<\/h2>\n<p>[\/vc_column_text][vc_separator type=&#8221;transparent&#8221; up=&#8221;10&#8243; down=&#8221;10&#8243;][vc_column_text]<\/p>\n<h4><span style=\"color: #873634;\">Perfectament equipada per a la seva comoditat<\/span><\/h4>\n<p>[\/vc_column_text][vc_separator type=&#8221;transparent&#8221; up=&#8221;10&#8243; down=&#8221;10&#8243;][vc_column_text]La Pomera, un lloc tranquil en mig de la natura on passar uns dies i recuperar el temps que el rellotge <span class=\"hiddenGrammarError\">ens<\/span> pren en el nostre dia a dia. La Pomera \u00e9s un indret pl\u00e0cid on podrem mantenir una conversa agradable tot fent una caminada pels voltants de la casa. Benvinguts a casa nostra!<\/p>\n<p>La fam\u00edlia. Som la Gemma i en Josep ens vam casar a la pomera, un arbre que va n\u00e9ixer tor\u00e7ut. Abans, aquests arbres, quan una branca es tor\u00e7ava d&#8217;aquesta manera els tallaven. No servien per fer pomes. El pare de la Gemma va decidir deixar-lo viure i esdevingu\u00e9 un lloc de retrobament, un lloc de complicitats, de converses&#8230; Hem volgut mantenir aquest esperit que l&#8217;arbre transmet\u00e9 a la fam\u00edlia, els seus valors i hem posat el cor en aquesta casa amb l&#8217;\u00e0nim de convertir-la en el nostre petit parad\u00eds, en el lloc on poder deixar anar la nostra creativitat i viure d&#8217;una forma tranquil\u00b7la i respectuosa amb les persones i l&#8217;entorn.[\/vc_column_text][vc_column_text]<\/p>\n<div class=\"col-sm-8 thim-single-room-content\">\n<p>Situada estrat\u00e8gicament es troba a 15 minuts de la Vall de Bo\u00ed amb el conjunt Rom\u00e0nic declarat patrimoni material de la humanitat per la Unesco, a 20 minuts del Parc Nacional d&#8217;Aig\u00fcestortes i Estany de Sant Maurici, o a 25 minuts del Vall d&#8217;Aran, per esmentar algun dels grans atractius de la zona.<\/p>\n<p>Estem molt propers al Balneari de Caldes, lloc de relaxaci\u00f3 on podr\u00e0 gaudir de les seves fonts mineromedicinals d&#8217;aig\u00fces fredes i calentes.<br \/>\nEmpreses externes ofereixen tot tipus d&#8217;activitats, a\u00e8ries com el parapent, aqu\u00e0tiques com el barranquisme o el r\u00e0fting aix\u00ed com la pesca, pirag\u00fcisme o rutes amb vaixell, i terrestres com a senderisme\/trekking, <span class=\"hiddenSpellError\">running<\/span>, <span class=\"hiddenSpellError\">trail<\/span>, guies del parc, vies ferrades, <span class=\"hiddenSpellError\">btt<\/span> ral\u00b7li\/enduro, quad, multi aventura, excursions a cavall, golf, muntanyisme o escalada. Digui&#8217;ns que desitja fer i li indicarem!<\/p>\n<p>I per esquiar, tenim les estacions d&#8217;esqu\u00ed de Bo\u00ed Ta\u00fcll a 30 minuts i Baqu\u00e8ira Beret a 40 minuts.<\/p>\n<\/div>\n<p>[\/vc_column_text][\/vc_column][vc_column width=&#8221;1\/3&#8243;][vc_gallery interval=&#8221;3&#8243; images=&#8221;16543,16547,16551,16565,16559,16570,16574&#8243;][vc_column_text]<b class=\"thim-color-title\">Apartaments : 3 de diferents capacitats<\/b><br \/>\n<b class=\"thim-color-title\">Jard\u00ed : Extens jard\u00ed rodejant la casa<\/b><br \/>\n<b class=\"thim-color-title\">El Cobert: Zona de relax o de jocs<\/b><br \/>\n<b class=\"thim-color-title\">Ubicaci\u00f3 : En zona tranquil\u00b7la a 2 minuts del centre.<\/b>[\/vc_column_text][\/vc_column][\/vc_row]<\/p>\n<\/div>","protected":false},"excerpt":{"rendered":"<p>[vc_row css_animation=&#8221;&#8221; row_type=&#8221;row&#8221; use_row_as_full_screen_section=&#8221;no&#8221; type=&#8221;grid&#8221; angled_section=&#8221;no&#8221; text_align=&#8221;left&#8221; background_image_as_pattern=&#8221;without_pattern&#8221; padding_top=&#8221;50&#8243; padding_bottom=&#8221;50&#8243; z_index=&#8221;&#8221;][vc_column width=&#8221;2\/3&#8243;][vc_column_text] LA CASA [\/vc_column_text][vc_separator type=&#8221;transparent&#8221; up=&#8221;10&#8243; down=&#8221;10&#8243;][vc_column_text] Perfectament equipada per a la seva comoditat [\/vc_column_text][vc_separator type=&#8221;transparent&#8221; up=&#8221;10&#8243; down=&#8221;10&#8243;][vc_column_text]La Pomera, un lloc tranquil en mig de la natura on passar uns dies i recuperar el&#8230;<\/p>\n","protected":false},"author":1,"featured_media":0,"parent":0,"menu_order":0,"comment_status":"open","ping_status":"open","template":"full_width.php","meta":{"footnotes":""},"class_list":["post-17465","page","type-page","status-publish","hentry"],"_links":{"self":[{"href":"https:\/\/lapomera.com\/en\/wp-json\/wp\/v2\/pages\/17465"}],"collection":[{"href":"https:\/\/lapomera.com\/en\/wp-json\/wp\/v2\/pages"}],"about":[{"href":"https:\/\/lapomera.com\/en\/wp-json\/wp\/v2\/types\/page"}],"author":[{"embeddable":true,"href":"https:\/\/lapomera.com\/en\/wp-json\/wp\/v2\/users\/1"}],"replies":[{"embeddable":true,"href":"https:\/\/lapomera.com\/en\/wp-json\/wp\/v2\/comments?post=17465"}],"version-history":[{"count":1,"href":"https:\/\/lapomera.com\/en\/wp-json\/wp\/v2\/pages\/17465\/revisions"}],"predecessor-version":[{"id":17592,"href":"https:\/\/lapomera.com\/en\/wp-json\/wp\/v2\/pages\/17465\/revisions\/17592"}],"wp:attachment":[{"href":"https:\/\/lapomera.com\/en\/wp-json\/wp\/v2\/media?parent=17465"}],"curies":[{"name":"wp","href":"https:\/\/api.w.org\/{rel}","templated":true}]}}

<div class="wpb-content-wrapper"><p>[vc_row css_animation=&#8221;&#8221; row_type=&#8221;row&#8221; use_row_as_full_screen_section=&#8221;no&#8221; type=&#8221;grid&#8221; angled_section=&#8221;no&#8221; text_align=&#8221;left&#8221; background_image_as_pattern=&#8221;without_pattern&#8221; padding_top=&#8221;50&#8243; padding_bottom=&#8221;50&#8243; z_index=&#8221;&#8221;][vc_column width=&#8221;2/3&#8243;][vc_column_text]</p>
<h2>LA CASA</h2>
<p>[/vc_column_text][vc_separator type=&#8221;transparent&#8221; up=&#8221;10&#8243; down=&#8221;10&#8243;][vc_column_text]</p>
<h4><span style="color: #873634;">Perfectament equipada per a la seva comoditat</span></h4>
<p>[/vc_column_text][vc_separator type=&#8221;transparent&#8221; up=&#8221;10&#8243; down=&#8221;10&#8243;][vc_column_text]La Pomera, un lloc tranquil en mig de la natura on passar uns dies i recuperar el temps que el rellotge <span class="hiddenGrammarError">ens</span> pren en el nostre dia a dia. La Pomera és un indret plàcid on podrem mantenir una conversa agradable tot fent una caminada pels voltants de la casa. Benvinguts a casa nostra!</p>
<p>La família. Som la Gemma i en Josep ens vam casar a la pomera, un arbre que va néixer torçut. Abans, aquests arbres, quan una branca es torçava d&#8217;aquesta manera els tallaven. No servien per fer pomes. El pare de la Gemma va decidir deixar-lo viure i esdevingué un lloc de retrobament, un lloc de complicitats, de converses&#8230; Hem volgut mantenir aquest esperit que l&#8217;arbre transmeté a la família, els seus valors i hem posat el cor en aquesta casa amb l&#8217;ànim de convertir-la en el nostre petit paradís, en el lloc on poder deixar anar la nostra creativitat i viure d&#8217;una forma tranquil·la i respectuosa amb les persones i l&#8217;entorn.[/vc_column_text][vc_column_text]</p>
<div class="col-sm-8 thim-single-room-content">
<p>Situada estratègicament es troba a 15 minuts de la Vall de Boí amb el conjunt Romànic declarat patrimoni material de la humanitat per la Unesco, a 20 minuts del Parc Nacional d&#8217;Aigüestortes i Estany de Sant Maurici, o a 25 minuts del Vall d&#8217;Aran, per esmentar algun dels grans atractius de la zona.</p>
<p>Estem molt propers al Balneari de Caldes, lloc de relaxació on podrà gaudir de les seves fonts mineromedicinals d&#8217;aigües fredes i calentes.<br />
Empreses externes ofereixen tot tipus d&#8217;activitats, aèries com el parapent, aquàtiques com el barranquisme o el ràfting així com la pesca, piragüisme o rutes amb vaixell, i terrestres com a senderisme/trekking, <span class="hiddenSpellError">running</span>, <span class="hiddenSpellError">trail</span>, guies del parc, vies ferrades, <span class="hiddenSpellError">btt</span> ral·li/enduro, quad, multi aventura, excursions a cavall, golf, muntanyisme o escalada. Digui&#8217;ns que desitja fer i li indicarem!</p>
<p>I per esquiar, tenim les estacions d&#8217;esquí de Boí Taüll a 30 minuts i Baquèira Beret a 40 minuts.</p>
</div>
<p>[/vc_column_text][/vc_column][vc_column width=&#8221;1/3&#8243;][vc_gallery interval=&#8221;3&#8243; images=&#8221;16543,16547,16551,16565,16559,16570,16574&#8243;][vc_column_text]<b class="thim-color-title">Apartaments : 3 de diferents capacitats</b><br />
<b class="thim-color-title">Jardí : Extens jardí rodejant la casa</b><br />
<b class="thim-color-title">El Cobert: Zona de relax o de jocs</b><br />
<b class="thim-color-title">Ubicació : En zona tranquil·la a 2 minuts del centre.</b>[/vc_column_text][/vc_column][/vc_row]</p>
</div>
